by 5?
0
Calculate the remainder when 46 is divided by 32.
14
Calculate the remainder when 345 is divided by 47.
16
What is the remainder when 1148 is divided by 46?
44
What is the remainder when 5055 is divided by 64?
63
What is the remainder when 236 is divided by 24?
20
What is the remainder when 6766 is divided by 26?
6
Calculate the remainder when 16901 is divided by 8.
5
Calculate the remainder when 242 is divided by 51.
38
Calculate the remainder when 726 is divided by 26.
24
What is the remainder when 75 is divided by 51?
24
What is the remainder when 231 is divided by 76?
3
What is the remainder when 1069 is divided by 68?
49
What is the remainder when 2039 is divided by 33?
26
What is the remainder when 303 is divided by 31?
24
Calculate the remainder when 439 is divided by 20.
19
Calculate the remainder when 303 is divided by 77.
72
Calculate the remainder when 72 is divided by 29.
14
What is the remainder when 98 is divided by 55?
43
Calculate the remainder when 25187 is divided by 110.
107
What is the remainder when 320 is divided by 97?
29
What is the remainder when 700 is divided by 78?
76
What is the remainder when 1752 is divided by 116?
12
Calculate the remainder when 1054 is divided by 33.
31
What is the remainder when 24893 is divided by 16?
13
What is the remainder when 1025 is divided by 23?
13
What is the remainder when 382 is divided by 96?
94
Calculate the remainder when 2017 is divided by 654.
55
Calculate the remainder when 14622 is divided by 65.
62
What is the remainder when 45 is divided by 17?
11
Calculate the remainder when 730 is divided by 37.
27
Calculate the remainder when 4463 is divided by 36.
35
What is the remainder when 5603 is divided by 10?
3
What is the remainder when 4735 is divided by 23?
20
Calculate the remainder when 213 is divided by 31.
27
What is the remainder when 305 is divided by 34?
33
What is the remainder when 319 is divided by 32?
31
Calculate the remainder when 679 is divided by 85.
84
Calculate the remainder when 145 is divided by 17.
9
What is the remainder when 278 is divided by 31?
30
Calculate the remainder when 78 is divided by 35.
8
What is the remainder when 13 is divided by 7?
6
Calculate the remainder when 2324 is divided by 37.
30
What is the remainder when 1034 is divided by 37?
35
Calculate the remainder when 957 is divided by 68.
5
What is the remainder when 52 is divided by 15?
7
What is the remainder when 3058 is divided by 20?
18
What is the remainder when 2877 is divided by 180?
177
Calculate the remainder when 350 is divided by 44.
42
Calculate the remainder when 130 is divided by 22.
20
Calculate the remainder when 1042 is divided by 34.
22
What is the remainder when 88 is divided by 50?
38
Calculate the remainder when 198 is divided by 36.
18
What is the remainder when 76107 is divided by 15?
12
Calculate the remainder when 2179 is divided by 271.
11
Calculate the remainder when 8084 is divided by 1153.
13
What is the remainder when 1398 is divided by 117?
111
What is the remainder when 2383 is divided by 595?
3
What is the remainder when 1927 is divided by 4?
3
Calculate the remainder when 77 is divided by 8.
5
Calculate the remainder when 6899 is divided by 103.
101
Calculate the remainder when 1453 is divided by 36.
13
Calculate the remainder when 2756 is divided by 38.
20
Calculate the remainder when 1231 is divided by 20.
11
What is the remainder when 424 is divided by 17?
16
What is the remainder when 255 is divided by 106?
43
What is the remainder when 703 is divided by 47?
45
Calculate the remainder when 6729 is divided by 15.
9
What is the remainder when 57 is divided by 38?
19
What is the remainder when 1263 is divided by 416?
15
What is the remainder when 624 is divided by 125?
124
Calculate the remainder when 84 is divided by 47.
37
What is the remainder when 8136 is divided by 79?
78
Calculate the remainder when 568 is divided by 73.
57
What is the remainder when 182 is divided by 70?
42
What is the remainder when 809 is divided by 73?
6
Calculate the remainder when 106 is divided by 37.
32
Calculate the remainder when 131 is divided by 33.
32
Calculate the remainder when 21 is divided by 8.
5
Calculate the remainder when 26 is divided by 10.
6
Calculate the remainder when 200 is divided by 32.
8
What is the remainder when 647 is divided by 444?
203
Calculate the remainder when 2988 is divided by 166.
0
What is the remainder when 536 is divided by 90?
86
Calculate the remainder when 346 is divided by 28.
10
Calculate the remainder when 23289 is divided by 137.
136
What is the remainder when 14599 is divided by 149?
146
What is the remainder when 229 is divided by 18?
13
What is the remainder when 1135 is divided by 255?
115
What is the remainder when 5391 is divided by 142?
137
What is the remainder when 16936 is divided by 308?
304
Calculate the remainder when 1251 is divided by 210.
201
What is the remainder when 236 is divided by 122?
114
What is the remainder when 251 is divided by 37?
29
What is the remainder when 5251 is divided by 219?
214
Calculate the remainder when 47 is divided by 18.
11
What is the remainder when 202 is divided by 92?
18
What is the remainder when 66 is divided by 23?
20
What is the remainder when 162 is divided by 34?
26
Calculate the remainder when 65 is divided by 7.
2
What is the remainder when 249 is divided by 95?
59
What is the remainder when 110 is divided by 11?
0
What is the remainder when 1491 is divided by 1?
0
Calculate the remainder when 340 is divided by 113.
1
Calculate the remainder when 34 is divided by 4.
2
What is the remainder when 181 is divided by 155?
26
What is the remainder when 1806 is divided by 510?
276
What is the remainder when 4179 is divided by 55?
54
What is the remainder when 887 is divided by 16?
7
Calculate the remainder when 135 is divided by 46.
43
What is the remainder when 135 is divided by 13?
5
What is the remainder when 50 is divided by 17?
16
What is the remainder when 172 is divided by 163?
9
What is the remainder when 106 is divided by 14?
8
Calculate the remainder when 453 is divided by 57.
54
What is the remainder when 1683 is divided by 336?
3
What is the remainder when 226 is divided by 27?
10
What is the remainder when 2519 is divided by 8?
7
What is the remainder when 207 is divided by 14?
11
What is the remainder when 880 is divided by 304?
272
What is the remainder when 404 is divided by 24?
20
Calculate the remainder when 94 is divided by 42.
10
Calculate the remainder when 206 is divided by 26.
24
What is the remainder when 595 is divided by 21?
7
Calculate the remainder when 316 is divided by 64.
60
What is the remainder when 421 is divided by 13?
5
What is the remainder when 590 is divided by 561?
29
What is the remainder when 366 is divided by 311?
55
What is the remainder when 1588 is divided by 53?
51
Calculate the remainder when 1869 is divided by 39.
36
Calculate the remainder when 356 is divided by 101.
53
Calculate the remainder when 86 is divided by 38.
10
Calculate the remainder when 198 is divided by 20.
18
Calculate the remainder when 439 is divided by 114.
97
Calculate the remainder when 319 is divided by 30.
19
What is the remainder when 157 is divided by 20?
17
What is the remainder when 1358 is divided by 84?
14
Calculate the remainder when 3839 is divided by 167.
165
Calculate the remainder when 279 is divided by 175.
104
Calculate the remainder when 264 is divided by 100.
64
Calculate the remainder when 767 is divided by 213.
128
What is the remainder when 8 is divided by 6?
2
Calculate the remainder when 175 is divided by 16.
15
What is the remainder when 1128 is divided by 376?
0
What is the remainder when 2084 is divided by 41?
34
Calculate the remainder when 4592 is divided by 40.
32
What is the remainder when 463 is divided by 64?
15
What is the remainder when 20375 is divided by 283?
282
Calculate the remainder when 5279 is divided by 48.
47
What is the remainder when 8 is divided by 5?
3
Calculate the remainder when 272 is divided by 71.
59
What is the remainder when 475 is divided by 34?
33
What is the remainder when 60 is divided by 23?
14
Calculate the remainder when 128 is divided by 62.
4
Calculate the remainder when 75 is divided b